e tens digit of y?
4
Suppose -4*p + 464 = -576. Suppose -33 = -3*f + j - 21, -4*j + 22 = 2*f. Suppose -f*g = -5*v - 435, -3*g = -5*v + 3*v - p. What is the units digit of g?
6
Let u = -81 - -141. Suppose 5*t + u = -95. Let o = t + 74. What is the tens digit of o?
4
What is the units digit of -34 + 5527 - 2*3?
7
Suppose 0 = 22*o - 16*o - 630. Suppose y - o + 431 = 0. Let k = -74 - y. What is the units digit of k?
2
Let r(m) = 32*m**2 - 11*m + 47. Let h(n) = -16*n**2 + 6*n - 24. Let i(d) = -7*h(d) - 4*r(d). Let v be i(7). What is the tens digit of (v/(-20))/(1/2)?
7
Suppose -10*k = 4*q - 12*k + 70, k = -4*q - 79. Let r = 595 + q. What is the tens digit of r?
7
Suppose -114*k - 158491 = -131*k. What is the thousands digit of k?
9
Let y = -1905 - -4332. Suppose -4*l = 5*u - y, 14*l - 972 = -2*u + 12*l. What is the units digit of u?
3
Let z(k) = -k**3 - k**2 + 28*k + 5. Let g be z(-8). Suppose -240*n + g*n + 2739 = 0. What is the tens digit of n?
4
Suppose 421312 + 203356 = 25*y - 223132. What is the hundreds digit of y?
9
Let x = 673 + -595. What is the tens digit of (-1*579 + 0)*(-104)/x?
7
Suppose 24363 = 2*u + 3*i + 3636, -5*i = -2*u + 20687. What is the units digit of u?
6
Let i(r) = -5*r + 29. Let w(d) = -3*d + 15. Suppose 0*x - 4*x = 8. Let t(f) = x*i(f) + 5*w(f). What is the tens digit of t(-14)?
8
Let n(h) = 2618 - 875 - 7*h - 872 - 2*h - 872. Let m = 2 - 5. What is the tens digit of n(m)?
2
Let y = -80 - -84. Suppose -2*r = 3*w - 1145, 4*r + 0 = y. What is the units digit of w?
1
Let r = 67164 - 43654. What is the tens digit of r?
1
Let d(v) = 223*v + 15. Let x(o) = 9*o - 96. Let q be x(11). What is the tens digit of d(q)?
8
Suppose -2*a + 846 = -j - j, -5*a + j = -2131. What is the units digit of a?
7
What is the units digit of (-9 + (-583)/(-33))/((8/(-3006))/(-2))?
3
Let d = -189 + 194. Suppose k + 4*s = 104, 4*s - 7*s = -d*k + 520. What is the hundreds digit of k?
1
Let m(u) = -760*u - 3459. What is the hundreds digit of m(-10)?
1
Let b be ((-82)/3)/(3/(-36)). Suppose 0 = -3*p + 7*p - b. Suppose 4*j - p = 262. What is the tens digit of j?
8
Let k = 36 + -11. Suppose -4*u + 17 = -t, 57*u - 62*u = -4*t - 13. Suppose u*h + 3*g - 790 = 0, 9*g - 4*g + k = 0. What is the tens digit of h?
6
Suppose 3*q - 7988 = 3*w + 11548, 5*w - 32520 = -5*q. What is the thousands digit of q?
6
Let a(k) = 259*k**2 - 267*k + 2343. What is the ten thousands digit of a(10)?
2
Suppose 3*q = 5*z - 104 - 7592, 0 = -2*z + 5*q + 3067. What is the hundreds digit of z?
5
Let j = 9209 - 9209. Let b(l) be the third derivative of -l**5/30 + l**4/24 + 11*l**3/3 + l**2. What is the units digit of b(j)?
2
Let v(m) = 7*m**3 + 5*m**2 - 8*m + 14. Let r be v(4). Let c = r - 307. What is the units digit of c?
3
Let r be 4078/6 - 5/(6 - 21). Let m = r - 458. What is the hundreds digit of (-2)/((-4)/m)*1?
1
Let p(x) = 8*x**2 + 11*x - 55. Let w be p(-10). Suppose 4*o - 2516 = -4*y, w = o + y + 2*y. What is the hundreds digit of o?
6
Suppose w - 4 = -w. Suppose 3*n = -v + 383, 2*v - 150 - 100 = -w*n. Suppose 5*y = n + 296. What is the tens digit of y?
8
Suppose -4*p - 13594 = -f, 586*p = 3*f + 581*p - 40775. What is the ten thousands digit of f?
1
Suppose -3047687 = -109*g + 1172357. What is the tens digit of g?
1
Let b = 62 + 10. Let h = b + -57. Let d = 119 + h. What is the hundreds digit of d?
1
Let s = -23 + 28. Suppose 591 = -s*g - 109. What is the units digit of ((-9)/5)/(4/g)?
3
Suppose -3*d - 39 = -27. What is the hundreds digit of (2/d)/((-4)/5352*3)?
2
Let g(s) = -678*s + 252*s + 274*s + 231*s - 111. What is the units digit of g(5)?
4
Suppose -2*f = -4, 0 = -2*j + 3*f + 2 - 0. Suppose 5*x + 5*d = 50, 3*x + 0*d - 33 = -j*d. Suppose -42 = b - x*b. What is the units digit of b?
7
Let w(y) = 2*y**2 + 15*y + 51. Let m(t) = 3*t**2 + 30*t + 104. Let d(c) = -6*m(c) + 13*w(c). What is the units digit of d(8)?
1
Suppose -4*r - 2*i = 3282, 0 = i - 0 + 1. Let t = r + 2576. What is the tens digit of t?
5
Let s be (180/(-100))/((3/(-30))/1). What is the units digit of (284 + 7)/(s/102)?
9
Let i(q) = 30*q**2 + 1. Let m = 43 - 78. Let p be (-55)/m + 4/(-7). What is the units digit of i(p)?
1
Let y = 355 + -345. Let p(q) be the first derivative of 2*q**2 - 12*q - 5. What is the units digit of p(y)?
8
What is the hundreds digit of 6572468/147*3/4?
5
Suppose -338 = -26*i - 52. Let v(b) = b**3 - 4*b**2 + 44*b - 13. What is the units digit of v(i)?
8
Let p(c) = 4*c**3 - 61*c**2 + 91*c + 7. What is the thousands digit of p(22)?
5
Let d = 504 + 760. Suppose 2*g + 358 = d. What is the tens digit of g?
5
Let s = -17256 + 24356. What is the units digit of s?
0
Let q(y) = 1106*y + 16. What is the ten thousands digit of q(34)?
3
Let s = -77 - -80. Suppose s*w - 4*l - 1317 = 0, 6*w + 2*l + 876 = 8*w. What is the units digit of w?
5
Let v = -1739 + 14804. What is the thousands digit of v?
3
Suppose -c + 2 + 3 = 0. Suppose -56 = -m - f, 2*f = c*f - 3. Let y = m - 30. What is the units digit of y?
5
Suppose -87*u + 85*u = -24. Suppose 0 = -u*j + 3306 + 4218. What is the hundreds digit of j?
6
What is the tens digit of (-4928 + -7 - -4)/(-1)?
3
Let f(k) = -7*k + 193. Let m(v) = -5*v + 128. Let a(x) = -5*f(x) + 8*m(x). What is the hundreds digit of a(-15)?
1
Let p = 46921 + -20425. What is the units digit of p?
6
Let o be ((-4587)/9 + -3)/(6/9). Let j = o + 1801. What is the tens digit of j?
3
Let z(j) = -15*j - 1. Let n = 20 + -19. Let o be z(n). Let p = o + 24. What is the units digit of p?
8
Let v(k) = -5*k + 30. Let q be (-5)/(-5)*(-1 - 1). Let h be ((0/q)/(-2))/(-1). What is the units digit of v(h)?
0
Let f = 88 + 31. Suppose -118*s - 459 = -f*s. What is the tens digit of s?
5
Let u(b) = -b**3 + 27*b**2 + 44*b + 38. What is the tens digit of u(14)?
0
Suppose -993783 = -190*u + 552437. What is the tens digit of u?
3
Suppose 3*f = b + 12153, 0*f + 3*f + 4*b - 12183 = 0. What is the hundreds digit of f?
0
Suppose 0 = -13*f - 28231 + 252481. What is the tens digit of f?
5
Suppose 5*o - 10*o = 0. Suppose 2*p = -t - 3*p, o = t - p. Suppose -x + 2*r = -t*r - 147, 3*x - 463 = -5*r. What is the units digit of x?
1
Let i(v) = -2*v - 1. Let y be i(-8). Suppose -3*k + 4590 = y*k. What is the hundreds digit of k?
2
Let s(v) be the third derivative of v**4/6 - 5*v**3/6 + 22*v**2 + 16. Let l(j) = -3*j. Let q be l(-6). What is the units digit of s(q)?
7
Suppose -2*p + 5*p + 4*s - 10 = 0, 2*p + 4*s = 8. Suppose z = -3 - 0, -3*z - 549 = -p*m. Suppose 453 = 3*t - m. What is the tens digit of t?
4
Suppose 2333*k = 2319*k + 133728. What is the hundreds digit of k?
5
What is the tens digit of (-6)/(-2)*37 + 0?
1
Let z be 2 + (3 - (2 + -4)). Suppose -5*b + 2*g = -19, 5*g + 3 = -z. Suppose 9*s = 2*f + 10*s - 407, -4*s - 594 = -b*f. What is the tens digit of f?
0
Suppose -5*c + i = -23584 - 57248, -3*c - 3*i + 48528 = 0. What is the hundreds digit of c?
1
Let i(m) = 265*m**2 + 17726. What is the thousands digit of i(0)?
7
Suppose -z = 3*u + 25, 2*z - 7*u + 2*u = -72. Let x = z + 38. What is the tens digit of (-4)/x - 18960/(-105)?
8
Suppose 2*b + 2*m - 1018 = 0, 296*m = -2*b + 297*m + 1033. What is the units digit of b?
4
Suppose -4*k = -20, k - 3*k + 10 = -2*c. Suppose -6*s - 2*d + 822 = -s, c = -4*s - 2*d + 658. What is the tens digit of s?
6
Let f(o) = 7*o + 121. Let j be f(-16). Suppose 3 = -a, -3*g + 12*a - j*a = -1653. What is the hundreds digit of g?
5
Let j = -615 + 621. What is the hundreds digit of j - (32/(-80) + (-11616)/10)?
1
Let x(l) = -l**2 - l + 8. Let g be x(-3). Suppose -g*i - 150 + 436 = 0. Suppose 158 + i = 7*y. What is the units digit of y?
3
Let g(k) = -k**3 - k**2 - 4*k - 23. Let x be g(0). What is the hundreds digit of x/((-138)/5076) + -4?
8
Let w(t) = -t**2 - 9*t - 26. Let p be w(-4). Let h(k) = -31*k + 8. Let f be h(p). Let m = f - 121. What is the tens digit of m?
7
Let d(s) = 61*s**2 - 5*s - 18. Let q be d(6). Suppose q = 5*y - 47. Suppose -5*m + 2*m + 131 = p, -5*m = -4*p + y. What is the hundreds digit of p?
1
What is the tens digit of (-6 + 17 - -4218) + -12?
1
Let d be (28/98)/((-12)/42). Let m(c) = 4*c**2 - 6*c + 5. Let l be m(4). What is the units digit of d/(5/32*(-2)/l)?
4
Let i(f) = 140 - 39*f - 91 - 95. What is the hundreds digit of i(-9)?
3
Let a(l) = 1264*l + 972. What is the un